 - 8102. What are the prime factors of n(-25)?
2, 8849
Suppose 0 = 5*p + 100 + 195. Let g = p + 41. List the prime factors of -12*76/g - (-3)/9.
3, 17
Let c = 215 + -212. Suppose -6223 = -5*t + c*q, -2*q - 6222 = -5*t - 0*t. List the prime factors of t.
2, 311
Let j(w) = 287*w**2 - 18*w - 74. Let s be j(-4). Suppose -6*l + 1254 = -s. What are the prime factors of l?
2, 487
Let t = -19 - -429. Suppose -18*r + 23*r = t. List the prime factors of r.
2, 41
Suppose i - 2*i + 5*y = -30, 2*i = -2*y. Let g(c) = 2*c**3 - 7*c**2 + 9*c - 15. What are the prime factors of g(i)?
3, 5, 7
Suppose 11*w = 15*w - 5*o - 139408, 3*o + 174286 = 5*w. List the prime factors of w.
2, 17431
Let x(q) = -7 + 3*q + 2*q - 5 + 13. Let u be x(0). List the prime factors of -1*(44/(-1) - u).
3, 5
Suppose 11*v - 9*v - 5*q = 4602, q = 0. What are the prime factors of v?
3, 13, 59
Suppose 3*w + 1681 - 1762 = 0. Let l = -2 + -14. Let p = w + l. What are the prime factors of p?
11
Let t be (-5 - 3)/(2/32). Let s = -60 - t. Let n = 134 - s. List the prime factors of n.
2, 3, 11
Suppose 3*s - 25 = -10. Suppose 0 = -s*w - 25, 4*w + 2260 = 6*p - p. Suppose -p - 63 = -7*n. List the prime factors of n.
73
Suppose -8*p = 10*p + 8928. Let o = 1292 + p. List the prime factors of o.
2, 199
Let i(o) = -o**3 + 6*o**2 - 8*o. Let u be i(4). Suppose 13*q - 396 - 150 = u. Suppose -5*l = 3*n - 50, 4*n - q - 22 = -4*l. What are the prime factors of n?
3, 5
Let u = 9272 + 10527. List the prime factors of u.
13, 1523
Suppose -a - 2 = 0, -x + 2*a + 2 = -0. Let g be (4*(-3)/(-12))/(x/10). What are the prime factors of 5/(g/(-72)) - (-24 - -23)?
73
Suppose 105*t - 49*t + 177*t = 5812185. List the prime factors of t.
3, 5, 1663
Let a(g) be the second derivative of g**3/6 + 13*g**2/2 + 34*g + 2. What are the prime factors of a(-10)?
3
Let g(a) = -6*a - 150. Let b be g(-25). Suppose 0 = 3*z + d - 66, -2*z + d - 6*d + 31 = 0. Suppose b = -z*y + 19*y + 268. What are the prime factors of y?
67
Suppose 123*d - 15 = 118*d. Suppose -652 = -2*j + 3*a, -813 - 175 = -d*j + 2*a. List the prime factors of j.
2, 83
Let q(u) = -7*u**3 + 17*u + 21. Let o be q(-6). Let d = -320 + o. What are the prime factors of d?
11, 101
Let a = 189 - 225. List the prime factors of (-205)/2*(-22)/(-55)*a.
2, 3, 41
Suppose 92*s = 90*s + 11388. Suppose 17*g - 11*g = s. What are the prime factors of g?
13, 73
Let h be 12/16 - 13/(-4). Suppose 0 = -3*u - 2*s + 361, -h*s + 19 + 211 = 2*u. What are the prime factors of u/(-4)*4/(-1)?
3, 41
Let p(t) = -3489 + 1751 + 41*t + 1748 - 2*t**2. What are the prime factors of p(9)?
7, 31
Suppose 0 = 277*k - 284*k + 3752. Suppose -542*s + 5646 = -k*s. What are the prime factors of s?
941
List the prime factors of 80444/10 - ((-104)/(-110) - 582/1067).
2, 2011
Let f be (2*53/4)/(75/300). What are the prime factors of (4/(-2))/(2*1) + f?
3, 5, 7
Suppose 1152372 = -88*w + 171*w. What are the prime factors of w?
2, 3, 13, 89
Suppose 31*k - 55*k + 12295033 = 125*k. What are the prime factors of k?
19, 43, 101
Suppose 7*g - 90 = -55. List the prime factors of ((-5)/1)/(1180/(-235) + g).
5, 47
Let b be 5734 - (-10)/(40/(-12)). Suppose 0 = 3*p - 5*k + 448 - 3899, 0 = -5*p - 2*k + b. List the prime factors of p.
31, 37
Let i(f) = -1752*f - 2350. What are the prime factors of i(-15)?
2, 5, 2393
Let h(w) = -2*w**3 - w**2 - w - 4. Let p be h(2). Let u be (p/4 - 0)/((-25)/200). Suppose -u = -44*r + 43*r. List the prime factors of r.
2, 13
Let b = 20139 + -6281. List the prime factors of b.
2, 13, 41
Let p(n) = -12*n - 13*n + 74 - 2*n - 15*n + 10*n. List the prime factors of p(-14).
2, 3, 29
What are the prime factors of (2/(-5))/(2/(-69640)) - (-24 + 23)?
3, 4643
Let p = 143 + -116. Let b be 84/p - 3/27. Suppose x = 2*n + 172, -b*n - 334 = -2*x - n. List the prime factors of x.
2, 3
Suppose 7*m = 11*m + 5*o - 98881, 2*o = -3*m + 74166. List the prime factors of m.
2, 7, 883
Suppose -3*n + 48 = -4*k + n, -5*k - 3*n - 68 = 0. Let y = 14 + k. What are the prime factors of y*6 - (-1)/(-1)?
5
Let d = 115 + -199. Let z = d + 85. Let b(i) = 8*i**2. List the prime factors of b(z).
2
Suppose 0 = k - p - 39, 2*k - p + 41 = 122. Suppose 9*j + k + 66 = 0. What are the prime factors of 6/j*360/((-4)/2)?
2, 3, 5
Suppose 1197*z - 1213*z + 96160 = 0. List the prime factors of z.
2, 5, 601
Let d be 170/(-4)*(-100)/250. Let y(o) = o + 1. Let p(u) = u**3 - 17*u**2 + 6*u - 1. Let a(s) = p(s) - 2*y(s). What are the prime factors of a(d)?
5, 13
Let t = 2 - 0. Suppose 5*r + 5*u - 25 = 0, 3*r + 2*u + 4 = 17. Suppose o - 5*j = 150, -r*o - j = t*j - 486. List the prime factors of o.
2, 5
Let f = 1 - -3. Suppose 644 = f*u - 292. Suppose 4*o = o + u. What are the prime factors of o?
2, 3, 13
Let c(b) be the third derivative of b**5/60 - 7*b**4/12 - 45*b**3/2 - 12*b**2. What are the prime factors of c(-25)?
2, 3, 5, 7
Let i be 6/21 + (-407)/77. Let x(n) = 12*n**2 - 12*n - 23. List the prime factors of x(i).
337
Suppose 6*y = 7*y - 3, v - y - 1900 = 0. Suppose 35*b - x - v = 33*b, 5*b - 4735 = -5*x. List the prime factors of b.
2, 5, 19
List the prime factors of 13/(-65)*33455*-1.
6691
Let p(s) = -s**3 - 10*s**2 - 9*s + 5. Let d be p(-9). Let b be (d - 6) + (-1 + 0 - 0). List the prime factors of (b - (-104)/4) + 0.
2, 3
Let f = -3710 - -3704. Suppose -4*v + 13 + 3 = 0. What are the prime factors of (-256 - (-49)/7)/(f/v)?
2, 83
Let v be 4/((-7 + 5 - -1)/(-5)). Suppose 0 = g + 3*g - 24. What are the prime factors of (-3 + g*v/(-6))*-10?
2, 5, 23
Let h be (0 - -1) + (-2)/(-1). Let r be (-3)/(-1) + (70 + -78)/((-2)/4). Suppose 1 = -5*a - r, 3*a = -h*u + 288. List the prime factors of u.
2, 5
What are the prime factors of (-7129165)/(-1594)*(0 + 4/5)?
2, 1789
Let x(a) = -44*a - 5. Let m = -37 + 39. Let j be (-9 - -5)/(m + -2 + 1). List the prime factors of x(j).
3, 19
Suppose 6*z = 2*z + 56. Let x(f) = 2*f**3 - 25*f**2 - 17*f - 6. What are the prime factors of x(z)?
2, 43
Suppose r - 8 + 2 = -z, -4*z + 14 = -r. Suppose y - r = l, y - 6*y - 5*l = -40. Suppose 3*a = -5*v + 180, -3*v + 4*v + y*a = 36. List the prime factors of v.
2, 3
Let g(v) = -1568*v - 1625. List the prime factors of g(-14).
20327
Let q(b) = 0 + 7 + 3*b + 0*b. Suppose -2633*h = -2636*h + 42. What are the prime factors of q(h)?
7
Let z(o) = 5*o + 23. Let d be z(-4). Let c(n) = -n**2 + 4*n + 6. Let w be c(d). List the prime factors of 31/2 + w/(-18).
3, 5
Let t = 124 + -383. Let q = -93 - t. Suppose 0 = -l + x + q, -4*l + 2*l = -4*x - 326. What are the prime factors of l?
13
Suppose 21*r - 390938 = -10*r + 244717. What are the prime factors of r?
3, 5, 1367
Let w = 187 - 186. List the prime factors of (-105 - (2 - w))*72/(-18).
2, 53
Let g = -99 - 91. Let q = 193 + g. What are the prime factors of q?
3
Suppose -21*n + 24*n = -2*h + 37000, 0 = -2*n - 2*h + 24662. List the prime factors of n.
2, 31, 199
Let z be 4/(-3) + (-954)/54. Let u(m) = -2*m - 46. Let d be u(z). List the prime factors of ((-32)/12)/d - (-340)/6.
3, 19
Let r be (-6)/(-9) - (3 + 2904/9). Let i = 714 + r. What are the prime factors of i?
389
Let d = 182 + -218. List the prime factors of (d/18)/((-1)/223).
2, 223
Suppose -4*v + 0*v + 4*y = -16, 10 = 5*y. Let t(r) = 6*r**2 + 20*r + 5. List the prime factors of t(v).
11, 31
Let d(a) = -37*a - 2655. List the prime factors of d(-103).
2, 17
Suppose 0 = 3*b - 6*w + 11*w - 763, -4*w = -5*b + 1284. Suppose -3034 - b = -7*y. What are the prime factors of y?
2, 5, 47
Let f = 17542 - -7205. List the prime factors of f.
3, 73, 113
Let m be -4 - (10/4 - 4)*14. Suppose -m*r + 15*r = -6. List the prime factors of 2/13 - (3630/(-65) - r).
59
List the prime factors of (21480/(-50))/((-16)/200).
2, 3, 5, 179
Suppose 2*z = 3*r + 20129, -233*z + 236*z + 4*r = 30151. What are the prime factors of z?
89, 113
Let t = -3755 - -6417. What are the prime factors of t?
2, 11
Let r(m) = 2*m**2 + 87 - 28 - 2*m + m**3 - 39 - 3*m**2 + 5*m**2. Let k be 1/(-2*2/20). List the prime factors of r(k).
5
Let h(r) = 4*r**2 - 2*r - 16. Let f(a) = 4*a**2 - 4*a + 2. Let q be f(2). List the prime factors of h(q).
2, 7, 13
Let m be (-5)/((-28)/(-24) + -1). Let c = m - -36. Suppose -c*q = 7*q - 897. What are the prime factors of q?
3, 23
Let r be -16 + 21 + 1/(1 + 0). Let c be (1 - r) + 1 + 6 + 2. Let h(m